43 prime?
False
Is 17827 composite?
False
Is 7147 prime?
False
Is 1657 composite?
False
Is 203617 a prime number?
True
Is 248333 prime?
False
Is 41161 a composite number?
False
Is 14437 prime?
True
Is 2449 composite?
True
Is 2603 a prime number?
False
Is 810653 composite?
False
Is 614519 prime?
False
Is 26293 a composite number?
False
Is 9629 a prime number?
True
Is 858557 a composite number?
True
Is 22367 prime?
True
Is 51231 a composite number?
True
Is 21071 a prime number?
False
Is 2241011 a composite number?
False
Is 6883 composite?
False
Is 148949 a prime number?
True
Is 18302 a composite number?
True
Is 941 composite?
False
Is 170669 composite?
False
Is 613633 a composite number?
False
Is 2053 a prime number?
True
Is 14243 prime?
True
Is 805201 a prime number?
False
Is 70271 a composite number?
False
Is 34201 a composite number?
True
Is 5207 composite?
True
Is 98038 composite?
True
Is 513505 a composite number?
True
Is 1390727 a prime number?
False
Is 56659 a composite number?
False
Is 1188253 a composite number?
True
Is 156854 a prime number?
False
Is 2809 composite?
True
Is 179917 prime?
True
Is 57637 composite?
False
Is 14709 prime?
False
Is 34709 a composite number?
True
Is 57243 a composite number?
True
Is 27217 prime?
False
Is 138253 a composite number?
True
Is 314363 composite?
True
Is 10079 a composite number?
False
Is 3046 a composite number?
True
Is 3199 composite?
True
Is 10529 composite?
False
Is 3733229 composite?
False
Is 120689 a composite number?
False
Is 67601 a prime number?
True
Is 917311 a prime number?
False
Is 9043 a prime number?
True
Is 46261 a composite number?
False
Is 587 composite?
False
Is 31127 prime?
False
Is 3079 a prime number?
True
Is 892509 a prime number?
False
Is 25013 composite?
False
Is 689 prime?
False
Is 133159 composite?
True
Is 1359487 prime?
True
Is 33917 prime?
False
Is 145931 a composite number?
False
Is 53349 a prime number?
False
Is 31303 composite?
True
Is 5969 a prime number?
False
Is 59287 composite?
True
Is 5077 prime?
True
Is 907 a composite number?
False
Is 94859 a composite number?
True
Is 3833 a prime number?
True
Is 11539 a prime number?
False
Is 10637 a prime number?
False
Is 765251 a composite number?
False
Is 131531 prime?
False
Is 39139 a prime number?
True
Is 69469 prime?
False
Is 90469 a composite number?
False
Is 1405403 composite?
False
Is 28501 composite?
True
Is 45161 a prime number?
True
Is 376343 prime?
False
Is 81317 a prime number?
False
Is 4274 prime?
False
Is 4197677 composite?
True
Is 151841 composite?
False
Is 20534 a prime number?
False
Is 38669 composite?
False
Is 12151 prime?
False
Is 65761 prime?
True
Is 77593 a prime number?
False
Is 22259 a composite number?
False
Is 440693 composite?
True
Is 14209 a prime number?
False
Is 5069 prime?
False
Is 93833 composite?
True
Is 1511 a prime number?
True
Is 33109 a composite number?
True
Is 78158 a composite number?
True
Is 8727 prime?
False
Is 162059 prime?
True
Is 2084663 composite?
True
Is 883387 a composite number?
True
Is 55277 composite?
True
Is 265483 prime?
True
Is 2927 a prime number?
True
Is 3697 a composite number?
False
Is 29687 prime?
False
Is 701279 composite?
False
Is 123767 a composite number?
True
Is 191483 a prime number?
False
Is 66803 prime?
False
Is 22633 prime?
False
Is 31013 a prime number?
True
Is 426601 prime?
False
Is 2761 composite?
True
Is 102571 prime?
False
Is 3389 a composite number?
False
Is 439609 a composite number?
True
Is 1542661 a prime number?
True
Is 5595929 a prime number?
True
Is 41411 a prime number?
True
Is 1081 composite?
True
Is 256093 a composite number?
False
Is 18041 composite?
False
Is 14983 prime?
True
Is 129641 a prime number?
True
Is 200117 prime?
True
Is 397 a prime number?
True
Is 3295 composite?
True
Is 2393 a composite number?
False
Is 92507 composite?
False
Is 13211 a composite number?
True
Is 178319 a prime number?
False
Is 1596251 composite?
False
Is 8306 a composite number?
True
Is 78007 composite?
False
Is 178361 composite?
False
Is 3082223 a composite number?
True
Is 5209 a composite number?
False
Is 456689 a prime number?
False
Is 1541 prime?
False
Is 537211 composite?
True
Is 632783 a prime number?
False
Is 61463 a prime number?
True
Is 423143 composite?
True
Is 2429 a composite number?
True
Is 352103 a prime number?
False
Is 10063 composite?
True
Is 1693 prime?
True
Is 3162605 prime?
False
Is 13973 composite?
True
Is 11599 a prime number?
False
Is 16787 composite?
False
Is 109334 a composite number?
True
Is 9651 a composite number?
True
Is 1102051 prime?
False
Is 6247 a composite number?
False
Is 11927 prime?
True
Is 4143 a composite number?
True
Is 11401 a composite number?
True
Is 901027 composite?
True
Is 1795 composite?
True
Is 3409 a prime number?
False
Is 2317 composite?
True
Is 113261 prime?
False
Is 8069539 a composite number?
False
Is 3994171 prime?
True
Is 3601 prime?
False
Is 5381 prime?
True
Is 5919 composite?
True
Is 133481 a prime number?
True
Is 681859 a prime number?
False
Is 102521 composite?
True
Is 12373 a prime number?
True
Is 75913 composite?
False
Is 15977 composite?
True
Is 1757579 a prime number?
False
Is 9199 prime?
True
Is 267 a prime number?
False
Is 68521 a prime number?
True
Is 12965 prime?
False
Is 38297 a prime number?
False
Is 483827 a composite number?
False
Is 128591 composite?
False
Is 30029 composite?
False
Is 13027 a prime number?
False
Is 76117 a prime number?
False
Is 78839 a prime number?
True
Is 1107058 a prime number?
False
Is 1882247 a prime number?
True
Is 111119 a prime number?
True
Is 22759 a composite number?
True
Is 381559 composite?
False
Is 3299 a prime number?
True
Is 29551 composite?
True
Is 977 a composite number?
False
Is 9979 a prime number?
False
Is 1614641 a prime number?
False
Is 1413359 composite?
True
Is 232633 a prime number?
True
Is 1379 prime?
False
Is 40363 a composite number?
True
Is 60941 a prime number?
False
Is 19979 a composite number?
False
Is 456439 a composite number?
False
Is 16033 a composite number?
False
Is 30029 prime?
True
Is 41723 prime?
False
Is 116619 a composite number?
True
Is 190507 a prime number?
True
Is 23399 prime?
True
Is 406523 composite?
True
Is 6247 a prime number?
True
Is 34679 prime?
True
Is 23303 a composite number?
True
Is 14047 composite?
True
Is 68023 composite?
False
Is 54829 a composite number?
False
Is 2573471 prime?
True
Is 1181435 prime?
False
Is 2903 prime?
True
Is 122497 prime?
True
Is 7817 prime?
True
Is 103079 a composite number?
False
Is 5158 composite?
True
Is 4421 prime?
True
Is 253049 a composite number?
False
Is 46927 prime?
False
Is 542281 a prime number?
True
Is 1132189 a prime number?
False
Is 158113 composite?
False
Is 1064905 prime?
False
Is 8003 a prime number?
False
Is 90931 prime?
True
Is 148253 a composite number?
True
Is 10851 a composite number?
True
Is 202351 a composite number?
True
Is 7071 composite?
True
Is 491 a prime number?
True
Is 5057 composite?
True
Is 3247262 prime?
False
Is 943073 composite?
False
Is 370661 a prime number?
True
Is 1497 a composite number?
True
Is 218737 a composite number?
False
Is 2463 a composite number?
True
Is 61615 prime?
False
Is 2137813 a composite number?
False
Is 399917 composite?
True
Is 7269 composite?
True
Is 7861 a composite number?
True
Is 1973 prime?
True
Is 6947 a composite number?
False
Is 7177 a prime number?
True
Is 137831 a prime number?
True
Is 7841 composite?
False
Is 32493 prime?
False
Is 267023 prime?
False
Is 8274487 composite?
True
Is 48647 a composite number?
False
Is 6113 a prime number?
True
Is 33 prime?
False
Is 53299 a prime number?
True
Is 272911 composite?
False
Is 224813 a prime number?
True
Is 10267 composite?
False
Is 2094877 composite?
True
Is 22394 a prime number?
False
Is 38113 composite?
False
Is 94739 prime?
False
Is 125189 a prime number?
False
Is 12761 composite?
True
Is 9587 composite?
False
Is 19249 prime?
True
Is 2099 prime?
True
Is 96517 composite?
False
Is 105031 a composite number?
False
Is 24754 a composite number?
True
Is 413357 a prime number?
False
Is 29821 composite?
True
Is 398369 prime?
True
Is 531521 composite?
False
Is 1669323 a prime number?
False
Is 18773 a prime number?
True
Is 31303 a prime number?
False
Is 464057 prime?
False
Is 96581 a pr